(52830/42)/((-72)/(-672)).
2, 5, 587
Suppose 5*w - 5*p = 121330, -402 + 409 = p. List the prime factors of w.
3, 29, 31
Let g be (6 - 9) + -5*(-3 + -1). List the prime factors of 74141/2567 + (-1)/g*-2.
29
Suppose 3*n = -3*b + 1461, 278 = b + 2*n - 210. Let t = 966 - b. List the prime factors of t.
2, 3, 5
Suppose -5*h = 5 - 15. Let v(x) be the first derivative of 11*x**2 + 3*x - 1624. What are the prime factors of v(h)?
47
What are the prime factors of -7*117/(-63) + 10969?
2, 17, 19
Suppose 42 = k + 3*v + 4, -2*k + 4*v = -76. Let c = -34 + k. List the prime factors of c - 0 - (-10 - 8).
2, 11
Suppose 71*s + 276066 = 120*s. List the prime factors of s.
2, 3, 313
Suppose -t + l = -4 - 7, 3*t - 73 = -5*l. Let i(p) = 12*p - 40. What are the prime factors of i(t)?
2, 19
Let r(a) = 42*a**2 + 105*a + 1382. List the prime factors of r(-17).
5, 2347
Let m(i) = -i**3 - 20*i**2 + 14*i - 35. Let v be m(-21). Let x = 116 - v. Suppose 5*r - 614 + 1482 = x*c, 0 = 3*c - 2*r - 644. What are the prime factors of c?
2, 53
Suppose -5*r - 36 = 4*t, 0 = 4*t + t + 20. Let h(s) = s**2 + 6*s + 11. Let b be h(-4). List the prime factors of (-77)/(r + b) + -1.
2, 19
Let i(t) = -10*t + 78. Let q(b) = -2*b + 16. Let h(m) = -3*i(m) + 14*q(m). What are the prime factors of h(11)?
2, 3
Suppose -1405 = -3*l - 3*m + 2633, -3*l + 4038 = m. What are the prime factors of l?
2, 673
Suppose -1 = i, -5 = 3*x - 2*x + 5*i. Suppose x = -102*w + 112*w - 4900. What are the prime factors of w?
2, 5, 7
Suppose 4*p + 7*k - 2*k + 10 = 0, -3*k - 6 = 0. Let w be -16 + (4 - p) - -4. Let i(t) = -6*t + 21. List the prime factors of i(w).
3, 23
Suppose -82*q = -111*q - 580. What are the prime factors of (12/q)/((-6)/18010)?
1801
Suppose 0 = 2058*x - 2190*x + 84744. What are the prime factors of x?
2, 3, 107
Suppose -5*f - 4*q + 30255 = 0, 3*f - 18190 = -134*q + 139*q. List the prime factors of f.
5, 7, 173
Let o = -23736 - -35728. List the prime factors of o.
2, 1499
Suppose 8*g + 42*g - 463200 = 0. What are the prime factors of g?
2, 3, 193
List the prime factors of (-122)/427 + (564780/21 - -1).
3, 5, 11, 163
Let w(i) = -i**2 + 9*i - 7. Let n be (8/20)/((-2)/(-50)). Let u be w(n). List the prime factors of (((-2)/8)/(-1))/(u/(-2924)).
43
Suppose 30*m + 3*b - 13956 = 27*m, 5*m + 2*b - 23254 = 0. What are the prime factors of m?
2, 3, 5, 31
Suppose -3*a + 146182 = 5*o, 2*o + 2*a - 20331 - 38145 = 0. What are the prime factors of o?
2, 47, 311
Let h(i) = -28*i**2 + 2*i + 2. Suppose -2*v = 10, 0 = 4*a + 8*v - 5*v + 19. Let k be h(a). List the prime factors of (k/8 - -5)*(141 + 1).
3, 71
Let w(j) = j**3 - 4*j**2 - 7*j + 2. Let h = 95 + -90. Let r be w(h). Let m(p) = 2*p**2 - 6*p - 15. List the prime factors of m(r).
7, 23
Let n(p) = 12*p**2 - 24*p + 55. Let a be n(9). Let r = a + -130. What are the prime factors of r?
3, 227
Suppose -5*r + 32996 = 3*p, -2*r + 4096 = p - 6904. List the prime factors of p.
2, 3, 229
Suppose -4*t = -c - 47685, 43*c - 46*c - 47695 = -4*t. What are the prime factors of t?
2, 5, 149
Let m = 715 - -2729. Suppose -5*o + 1773 = -3*r - m, 2084 = 2*o - 4*r. List the prime factors of o.
2, 3, 29
Suppose 157 = 4*z + 5*s, 0*s = -2*z - s + 71. Let j be 40/220 + (-155)/(-55). Let v = j + z. What are the prime factors of v?
2, 3
Let t(q) = 6*q**2 + 78*q - 2672. What are the prime factors of t(52)?
2, 31, 71
Let b(t) = 149*t**2 + 8*t - 11. List the prime factors of b(9).
2, 5, 1213
Let t = -222 - -1152. Let c = -522 + t. What are the prime factors of c?
2, 3, 17
Let a = -1941 + 738. Let l = -835 - a. What are the prime factors of l?
2, 23
List the prime factors of (8*3/24)/(-1)*(-31742 - -3).
17, 1867
Suppose -2*t + 479 - 93 = 5*a, -a = -2*t - 82. Suppose -4*d - 35 = -n, 0 = 3*n + d - 4*d - a. Suppose -11*q = -265 + n. What are the prime factors of q?
2, 11
Let y = -210 + 231. What are the prime factors of (-2852)/(-69)*y/4?
7, 31
Let d = -118 + 121. Suppose 302 = v - 3*k, -2*v + 244 + 360 = -d*k. List the prime factors of v.
2, 151
Let h(y) = 380*y**2 - 5*y + 3. List the prime factors of h(2).
17, 89
Suppose -f = -5*x - 24, 8*f + x - 42 = 3*f. Suppose -4*u - 90 = -2*k - f*u, -k = -u - 31. What are the prime factors of k?
5, 7
Let g = 36607 - -4379. What are the prime factors of g?
2, 3, 11, 23
Suppose 5170 = j + 2*z, -3*z - 7283 = -5*j + 18489. List the prime factors of j.
2, 2579
What are the prime factors of ((-35716)/24)/((-15)/90)?
8929
Let r = -600 + 646. Let a = 794 + r. What are the prime factors of a?
2, 3, 5, 7
Let f(g) = 32*g - 75. Let h be f(3). Let b be (2/(-2))/((-2)/130). Suppose -h = -2*n + b. List the prime factors of n.
43
Let q(k) = 82*k + 1. Let t(p) = -p**3 - 8*p**2 - 15*p - 15. Let i be t(-6). Suppose 4*v - 5 = a, -i*v = -v - 5*a + 11. List the prime factors of q(v).
3, 5, 11
Let j(d) = 12*d**2 - d + 4. Let b be j(2). Suppose -b - 145 = -5*w. Suppose w = -z + 106. List the prime factors of z.
67
Suppose 4*f - 116 = -12. Suppose -f = -4*m - 18. Suppose m + 4 = o. List the prime factors of o.
2, 3
Let w = 705 + -678. Suppose 26*r - w*r = -1339. List the prime factors of r.
13, 103
Let m(x) = 0 - 2 + 0*x**3 - 164*x**2 + 166*x**2 - x + x**3. Let j be m(-2). Suppose 5*q - 25 - 60 = j. List the prime factors of q.
17
Suppose 2*y - w + 2827 = 0, 62 = 2*w + 60. What are the prime factors of ((-46)/69)/(2/y)?
3, 157
Let n be (-2 - 36/(-16)) + (-12260)/16. Let x = n + 1102. What are the prime factors of x?
2, 3, 7
Suppose -2*s + 81 = 5*d - 38, 0 = -5*s - 2*d + 350. Let q be 2/(-8) - 1278/s. What are the prime factors of 10/(-6)*(q + -3)?
5, 7
Let p be (3 - 1 - 6/6)*25. Let d(t) = -p*t**2 + 52*t**2 - 26*t**2 + 19. List the prime factors of d(-6).
5, 11
Let a(w) = 411*w**2 + 8*w + 8. Let r = 12 + -13. List the prime factors of a(r).
3, 137
Let a = 41630 - 7842. List the prime factors of a.
2, 8447
Suppose 2*x + 2*x + 40 = 0. Let v be -55 + 0/(-4)*2/(-4). List the prime factors of (-3556)/(-44) + x/v.
3
Let j(c) = 205*c - 64. Let x be j(8). Let n = x + -1077. What are the prime factors of n?
499
List the prime factors of (0 - (4 + -3281))*19.
19, 29, 113
Let x(l) = -2*l**3 + 3*l**2 - 5*l + 5. Let n be x(3). Let a = n + 62. Suppose -32*u + a*u = -1547. List the prime factors of u.
13, 17
Let r(a) = 8*a**2 - 11*a - 8. Let h be r(-5). Let c = h - -1. List the prime factors of c.
2, 31
Let g(i) = 12*i**2 - i - 75. Let z(a) = 23*a**2 - 2*a - 153. Let v(j) = 5*g(j) - 2*z(j). List the prime factors of v(-9).
2, 3, 179
Suppose 380*t + 207360 = 412*t. What are the prime factors of t?
2, 3, 5
Suppose -g + 5*m + 8881 = 0, -22476 - 21837 = -5*g + 2*m. What are the prime factors of g?
8861
Suppose 0 = -2*k - 4*k + 12288. Suppose -9*f + k = -f. Suppose f - 28 = 4*j. What are the prime factors of j?
3, 19
Let q(o) = -610*o - 1019. What are the prime factors of q(-22)?
12401
Suppose -517192 = 71*c - 2260313. List the prime factors of c.
24551
Let s = 19934 + -12499. List the prime factors of s.
5, 1487
Suppose 0 = 4*n - 5*h + 127, -2*h = -h - 3. List the prime factors of (2/8)/(-1) + (-9807)/n.
2, 5, 7
Suppose 4*f + 3*j = -1, f - 3 - 1 = -5*j. Let r be (-18*(-5)/(-10))/f. Suppose r*h - 26 = 7*h. What are the prime factors of h?
13
Let q(f) = -18*f**3 + 5*f**2 + 4*f - 10. Let c be q(5). Let l = -979 - c. What are the prime factors of l?
2, 71
Suppose -18*u + 23 = -31. Suppose u*v + 2 = 1094. What are the prime factors of v?
2, 7, 13
What are the prime factors of 9/24 + -11 + 103914/16?
2, 1621
Let q be 3 - (-471)/(4 + -1). Let f = -88 + q. Let r = -24 + f. What are the prime factors of r?
2, 3
Let o = 94726 + -50534. List the prime factors of o.
2, 1381
List the prime factors of (-9)/2*64668/(-153).
2, 3, 317
Suppose 0 = -3*j + 27, 0 = -156*g + 151*g - 3*j + 16522. List the prime factors of g.
3299
Let b = 49 + -45. Suppose -3*q - b*a + 28 = 0, 5*q = 3*a + a + 4. Suppose -5*g - q*j - j = -180, 2*j = 5*g - 201. List the prime factors of g.
3, 13
Let k(t) = t + 33. Let g = -84 + 68. Let o(h) = h - 2. Let q be o(g). List the prime factors of k(q).
3, 5
Let i = 1207 + 1194. Suppose -2*t = -9*t + i. Suppose -3*u - 37 + t = 0. List the prime factors of u.
2, 3, 17
Let o = 3 + 349. Let h = -204 + o. List the prime factors of -1 + (h + 5)/1.
2, 19
List the prime factors of 45*(348/75)/(6*(-7)/